s of w/25 - (-2)/(-5).
11
Let s(i) = -3*i - 4. Let w be s(-3). Suppose w*r - 2 = 13. Let t = 3 + r. List the prime factors of t.
2, 3
Let y = 93 - 49. List the prime factors of y.
2, 11
Let a(t) = t - 1. Let b be a(7). Let s be 8/b + (-8)/(-12). Suppose s = -k + 5. List the prime factors of k.
3
Let z(y) = -2*y + 0*y**2 - y - 3*y + y**2 + 4. Let g be z(6). Suppose 3*w + g*h - 3 = 0, 2*w - 5 = -h + 2. List the prime factors of w.
5
Suppose 0*x + 57 = 3*x. List the prime factors of x.
19
Suppose -5*j - 12 = -2*j. Let c = 18 + j. What are the prime factors of c?
2, 7
Let b = 886 + -608. List the prime factors of b.
2, 139
Let u(f) = -f**2 - 22*f - 22. List the prime factors of u(-15).
83
Suppose -5*m - 18 - 12 = 0. What are the prime factors of (m/(-10))/(2/40)?
2, 3
Let s = 72 - 47. Suppose -3*k + 7 = y - 3, s = 3*k - 2*y. What are the prime factors of k?
5
Let r = 17 + -10. Suppose -a - r = 5*f, 3*f + 0 + 12 = 2*a. Let n = 2 - f. List the prime factors of n.
2
Suppose -7*t + 411 = 47. List the prime factors of t.
2, 13
Suppose r - 126 = -3*r + 3*a, 0 = -r + 3*a + 36. List the prime factors of r.
2, 3, 5
Let s(k) = k**3 - 3*k**2 - 5*k - 1. Let l be s(4). Let w be (4/l)/(2/(-10)). Suppose -w + 0 = -2*n. What are the prime factors of n?
2
Let s(x) be the third derivative of x**5/60 + x**4/6 + x**3/3 + 4*x**2. Let o be s(-4). Suppose -o*k + 29 = -13. List the prime factors of k.
3, 7
Suppose 1 = c - 4. Suppose z = c*z. Suppose 0*j = s - 4*j - 30, 4*s + 3*j - 25 = z. List the prime factors of s.
2, 5
Let l(t) = -t**3 + 3*t**2 + 3*t - 2. Let p be l(4). Let j be 2/p + (-14)/(-6). Suppose -j*w + 18 = w. List the prime factors of w.
2, 3
Let y(c) be the second derivative of c**4/12 + c**3/6 + 25*c**2/2 - 6*c. List the prime factors of y(0).
5
Let p = 49 + 257. Let n be p/63 + 2/14. Suppose 4*k - 2*h = 48, n*k + 4 - 64 = 3*h. List the prime factors of k.
2, 3
Let w be -4*(-1 + 26/(-8)). Let k = -7 + w. Suppose 0 = 3*h - x - 2, 2*h - 3*h - k = -3*x. What are the prime factors of h?
2
Suppose 5*l - 5 - 843 = -3*m, l - 166 = 3*m. What are the prime factors of l?
13
What are the prime factors of (-274)/(-3) - (-6)/(-18)?
7, 13
Let o(f) = f**3 + 2*f**2 - 4*f. Let c be o(-3). Suppose 7 = -c*v - 56. Let q = 42 + v. List the prime factors of q.
3, 7
Let k(w) be the second derivative of -w**3/6 + w**2 + w. Let q be k(8). Let m = 2 - q. What are the prime factors of m?
2
Suppose -2*n = -0*n - 2*f - 2, 5*f - 20 = 0. What are the prime factors of 100/6*6/n?
2, 5
Suppose -696 = -8*p - 0*p. List the prime factors of p.
3, 29
Let p = 74 + 113. List the prime factors of p.
11, 17
Suppose -3*h = 3 - 15. Suppose 0 = 2*y - h*d - 24, -51 = -3*y + 5*d - 4*d. What are the prime factors of y?
2, 3
Suppose -2*j = 5*b - 105, 2*b - 3*j = -6*j + 53. List the prime factors of b.
19
Let v(h) = -6*h. Let t be v(-5). Let m = -16 + t. Suppose -5*z + 6 = -m. What are the prime factors of z?
2
Let i = 4 - 5. Let a(g) = 3*g - 6*g - 5*g - 1. List the prime factors of a(i).
7
Let c = 1 + -2. Let b be 44/(-4)*c*5. Suppose -5*s + 3*i = -b, -5*s - 2*i = -s - 66. What are the prime factors of s?
2, 7
Let k(r) = r + 8. Let l be k(-6). Suppose 5*d = -4*w + l, 2*w = 2*d - d - 6. What are the prime factors of d/5 - (-28)/5?
2, 3
Let k be ((-180)/(-40))/(1/2). Suppose k*v - 10*v + 44 = 0. List the prime factors of v.
2, 11
Suppose 0 = -5*j + 4*t + 236, 7*j - 232 = 2*j + 3*t. What are the prime factors of j?
2, 11
Suppose -2*v = -v + 28. Let b(s) = -s**2 - s - 16. Let f be b(0). Let c = f - v. What are the prime factors of c?
2, 3
Let r be ((-12)/8)/(1/(-2)). List the prime factors of (-4)/(-6) - (-37)/r.
13
Suppose -7*v + 780 = -2*v. List the prime factors of v.
2, 3, 13
Suppose -2*h - i = -7*h + 64, -4*h = i - 44. What are the prime factors of h?
2, 3
Let o(q) = -q**3 + 9*q**2 + 12*q - 11. Suppose -50 = -3*c - 2*c. List the prime factors of o(c).
3
Suppose i - 51 = -2*i. Let w = -12 + i. Suppose -2*y + w*l + 0*l + 16 = 0, -l = 4*y - 10. List the prime factors of y.
3
Suppose c - 4*c = -9. Let t be (-4)/6 + 2/c. Suppose 90 = 5*k - t*k. List the prime factors of k.
2, 3
Suppose 12 = 6*o - 48. Suppose -21 = -11*x + o*x. What are the prime factors of x?
3, 7
Suppose -9*h - 90 = -12*h. List the prime factors of h.
2, 3, 5
Suppose 2*g + 0*l = 5*l + 13, -9 = -g + 3*l. Suppose 2*o + 0*o = 18. What are the prime factors of (15*g/o)/(-2)?
5
Let x(d) = -d**3 + 4*d**2 + 4*d + 7. Let u be x(5). Suppose -u*t - 2*t - 16 = 0. What are the prime factors of (6/t)/((-1)/2)?
3
What are the prime factors of (16/72 + 298/36)*6?
3, 17
Let w = 8 + -9. Let b(h) = 18*h**2 - 1. List the prime factors of b(w).
17
Suppose 4*w + 2*b - 6*b = 108, -5*b + 39 = w. What are the prime factors of w?
29
Suppose -3*h - h + 4 = -2*j, 0 = h - 3*j + 4. Suppose y - 14 = -h. List the prime factors of y.
2, 3
Suppose -3*b - 3 = 0, 3*w = 2*w - b + 21. List the prime factors of w.
2, 11
Let p = -18 - -40. Let a = p + -10. What are the prime factors of a?
2, 3
Let c = 5 - -3. Let m = 6 + -9. Let u = c + m. List the prime factors of u.
5
Let n(a) = a + 7. What are the prime factors of n(7)?
2, 7
Suppose 3*j + 3*r - 156 = 0, 5*j = 2*j + 5*r + 124. What are the prime factors of j?
2, 3
Suppose -4*t + 95 = t. What are the prime factors of t?
19
Let g(u) be the third derivative of 1/15*u**5 + 0 - 5/6*u**3 + 1/8*u**4 - 1/120*u**6 + u**2 + 0*u. List the prime factors of g(4).
7
Suppose -c + 5*c = 100. Let u = 13 + -8. Suppose 0 = -u*v + c + 25. List the prime factors of v.
2, 5
Let b(c) = c**3 - 7*c**2 + 5*c + 2. Let m be b(6). Let l be -1 + 3 + 1 + m. What are the prime factors of (-11 + 2)*l/3?
3
Let x be 0/((8 + -2)/3). Suppose 0 = o + 5*t + 15, -4*o = -x*t + 2*t + 6. Suppose o = -0*i - 4*i + 24. What are the prime factors of i?
2, 3
Let h = -9 - -12. Suppose g - h*w - 4 = 0, 0*w = 3*w - 6. List the prime factors of g.
2, 5
Suppose -2*h - 29 = -z - 6*h, -4*z - 5*h + 72 = 0. Suppose z + 7 = 5*s. Suppose g - 15 = -s. List the prime factors of g.
11
Let q be 145/4 - (-2)/(-8). Suppose 5*y - 9 = q. List the prime factors of y.
3
What are the prime factors of -3 - (-9)/(-6)*-20?
3
Suppose -2*g = -5 - 1. Suppose -g*u - 2*u + 3*t = -41, -2*u + 5*t = -5. What are the prime factors of u?
2, 5
Let u be 10/(-3)*(-6)/5. Suppose u*v + 4 = 0, 3*y - y + 4*v - 24 = 0. List the prime factors of y.
2, 7
Let o(x) = x**2 - 2*x - 3. Let f be o(3). Let t = f - 2. What are the prime factors of (32/40)/(t/(-50))?
2, 5
Let v(i) = -6*i - 2. Suppose 3*q = -5 - 4. Let w = q - -1. What are the prime factors of v(w)?
2, 5
Suppose -3*b - 2*r = -0*b - 445, -159 = -b + 2*r. What are the prime factors of b?
151
Suppose -385 - 5 = -5*i. What are the prime factors of i?
2, 3, 13
Let m = 30 + -20. Suppose -3*i + 3*t - 4*t = 10, 0 = -5*i + 5*t - m. What are the prime factors of 36/4*(-1)/i?
3
Let j(c) = -2*c + 9. Let i be j(-7). Let y = -35 + i. What are the prime factors of (-1)/3 - 88/y?
7
Suppose l - 13 = 10. What are the prime factors of l?
23
List the prime factors of 0 - 16/4 - -8.
2
Let n(q) = 2 + 0*q + 2*q - 6. What are the prime factors of n(6)?
2
Suppose -2*l - 5*b - 10 = -2*b, -2*b = -2*l. List the prime factors of 66/15 - l/(-5).
2
Let t(a) = a**3 - 2*a**2 - 2*a + 4. Let i be t(4). Suppose 4 = 3*j + i. Let m = j + 14. What are the prime factors of m?
2, 3
Suppose -5*p - 12 = -2*l - 3*p, 0 = -3*l + p + 26. Let k be ((-22)/(-6))/(3/45). What are the prime factors of k/l*2/1?
11
Let o(r) = -r + 1. Let d(y) = y - 3. Let g(w) = -2*d(w) - 4*o(w). Let h be g(7). What are the prime factors of (-2)/(-8) + 108/h?
7
Let k(h) be the third derivative of h**4/24 - 7*h**3/6 - 2*h**2. Let m be k(7). Suppose 0 = -3*b - m*b + 21. List the prime factors of b.
7
Let s = -18 + 16. What are the prime factors of (1/4)/(s/(-392))?
7
Let p(t) = t**2 + 6*t + 9. Let v be p(-6). Let f(l) = -v*l + 2*l**2 - 2 - 3*l**2 - 1. List the prime factors of f(-7).
11
Suppose -4*g = -9*g + 15. Suppose 27 = 4*d - g*h, h - 26 = -4*d + 3*h. List the prime factors of d.
2, 3
Let z = -3 - -18. Let j = 38 - 9. Suppose 4*o - j - z = 0. What are the prime factors of o?
11
Suppose 0 = 3*r + 2*r - 45. Suppose -r = -2*j - 3. Suppose j = 4*f - 29. List the prime factors of f.
2
Suppose 31*w = 33*w - 82. List the prime fa